{"id":1452,"date":"2013-10-16T12:05:38","date_gmt":"2013-10-16T12:05:38","guid":{"rendered":"http:\/\/demo.qodeinteractive.com\/elision\/?page_id=1452"},"modified":"2025-07-13T16:06:14","modified_gmt":"2025-07-13T13:06:14","slug":"contact","status":"publish","type":"page","link":"https:\/\/petkolajen.com\/?page_id=1452","title":{"rendered":"\u0130leti\u015fim"},"content":{"rendered":"<div class=\"wpb-content-wrapper\">[vc_row row_type=&#8221;row&#8221; text_align=&#8221;left&#8221; css_animation=&#8221;&#8221;][vc_column][vc_column_text css=&#8221;&#8221;]\n<h4>Ofisimiz<\/h4>\n[\/vc_column_text][vc_separator type=&#8221;transparent&#8221; up=&#8221;0&#8243; down=&#8221;15&#8243;][vc_column_text css=&#8221;&#8221;]Bah\u00e7e\u015fehir 2 k\u0131s\u0131m Mahallesi 11. cadde Esenkent \u0130ncedere Sitesi<br \/>\nG7 Blok Villa 22 Ba\u015fak\u015fehir &#8211; \u0130STANBUL<\/p>\n<p>Phone: +90 5334482057[\/vc_column_text][vc_separator type=&#8221;transparent&#8221; up=&#8221;0&#8243; down=&#8221;25&#8243;][vc_column_text css=&#8221;&#8221;]e posta: <a href=\"mailto:info@ecopurenatural.com\"><span style=\"color: #000000;\">info@ecopurenatural.com<\/span><\/a><\/p>\n<p>&nbsp;<\/p>\n<p><strong>\u00a0<\/strong>[\/vc_column_text][\/vc_column][\/vc_row]\n<\/div>","protected":false},"excerpt":{"rendered":"<p>[vc_row row_type=&#8221;row&#8221; text_align=&#8221;left&#8221; css_animation=&#8221;&#8221;][vc_column][vc_column_text css=&#8221;&#8221;] Ofisimiz [\/vc_column_text][vc_separator type=&#8221;transparent&#8221; up=&#8221;0&#8243; down=&#8221;15&#8243;][vc_column_text css=&#8221;&#8221;]Bah\u00e7e\u015fehir 2 k\u0131s\u0131m Mahallesi 11. cadde Esenkent \u0130ncedere Sitesi G7 Blok Villa 22 Ba\u015fak\u015fehir &#8211; \u0130STANBUL Phone: +90 5334482057[\/vc_column_text][vc_separator type=&#8221;transparent&#8221; up=&#8221;0&#8243; down=&#8221;25&#8243;][vc_column_text css=&#8221;&#8221;]e posta: info@ecopurenatural.com &nbsp; \u00a0[\/vc_column_text][\/vc_column][\/vc_row]<\/p>\n","protected":false},"author":1,"featured_media":0,"parent":0,"menu_order":0,"comment_status":"open","ping_status":"open","template":"contact-page.php","meta":{"footnotes":""},"class_list":["post-1452","page","type-page","status-publish","hentry"],"_links":{"self":[{"href":"https:\/\/petkolajen.com\/index.php?rest_route=\/wp\/v2\/pages\/1452","targetHints":{"allow":["GET"]}}],"collection":[{"href":"https:\/\/petkolajen.com\/index.php?rest_route=\/wp\/v2\/pages"}],"about":[{"href":"https:\/\/petkolajen.com\/index.php?rest_route=\/wp\/v2\/types\/page"}],"author":[{"embeddable":true,"href":"https:\/\/petkolajen.com\/index.php?rest_route=\/wp\/v2\/users\/1"}],"replies":[{"embeddable":true,"href":"https:\/\/petkolajen.com\/index.php?rest_route=%2Fwp%2Fv2%2Fcomments&post=1452"}],"version-history":[{"count":2,"href":"https:\/\/petkolajen.com\/index.php?rest_route=\/wp\/v2\/pages\/1452\/revisions"}],"predecessor-version":[{"id":7518,"href":"https:\/\/petkolajen.com\/index.php?rest_route=\/wp\/v2\/pages\/1452\/revisions\/7518"}],"wp:attachment":[{"href":"https:\/\/petkolajen.com\/index.php?rest_route=%2Fwp%2Fv2%2Fmedia&parent=1452"}],"curies":[{"name":"wp","href":"https:\/\/api.w.org\/{rel}","templated":true}]}}